  {"id":861,"date":"2020-07-08T13:08:23","date_gmt":"2020-07-08T11:08:23","guid":{"rendered":"https:\/\/www.mastphotogrant.com\/artisti\/raphael-dallaporta\/"},"modified":"2020-07-09T15:00:30","modified_gmt":"2020-07-09T13:00:30","slug":"raphael-dallaporta","status":"publish","type":"artisti","link":"https:\/\/www.mastphotogrant.com\/it\/artisti\/raphael-dallaporta\/","title":{"rendered":"Rapha\u00ebl Dallaporta"},"content":{"rendered":"\n<p>Negli ultimi dieci anni,&nbsp;Rapha\u00ebl Dallaporta&nbsp;(1980), che vive e lavora a Parigi, ha intrapreso un percorso fotografico assai apprezzato a livello internazionale per lo sguardo puro e rigoroso e per l\u2019imperturbabilit\u00e0. I suoi progetti di lungo respiro, che affrontano un ampio spettro di tematiche legate all\u2019agire umano, lo hanno portato a lavorare a stretto contatto con squadre di artificieri e sminatori (in&nbsp;<em>Antipersonnel<\/em>), con giuristi (in&nbsp;<em>Esclavage domestique<\/em>), con medici legali (in&nbsp;<em>Fragile<\/em>) e, pi\u00f9 di recente, con archeologi (in&nbsp;<em>Ruins<\/em>). L\u2019orientamento della sua opera \u00e8 stato finora quello di porre in secondo piano la qualit\u00e0 documentaria della fotografia in favore della sua forza simbolica. Sin dal 2011, Rapha\u00ebl Dallaporta mostra un profondo interesse per le attivit\u00e0 dell\u2019uomo nello spazio, allo scopo di analizzare il rapporto con il progresso e la memoria. L\u2019artista incentra la propria ricerca sulle tracce che il programma spaziale Symphonie ha lasciato sulla Terra; ne sono un esempio le antenne satellitari e i sistemi per la telecomunicazione, parcellizzati e ricondotti a un\u2019immagine unitaria, che Dallaporta trasforma in simbolo della comunicazione ripetutamente interrotta tra gli esseri umani.<\/p>\n","protected":false},"excerpt":{"rendered":"<p>Negli ultimi dieci anni,&nbsp;Rapha\u00ebl Dallaporta&nbsp;(1980), che vive e lavora a Parigi, ha intrapreso un percorso fotografico assai apprezzato a livello internazionale per lo sguardo puro e rigoroso e per l\u2019imperturbabilit\u00e0. I suoi progetti di lungo respiro, che affrontano un ampio spettro di tematiche legate all\u2019agire umano, lo hanno portato a lavorare a stretto contatto con [&hellip;]<\/p>\n","protected":false},"featured_media":0,"template":"","meta":{"_acf_changed":false},"edizioni":[24],"class_list":["post-861","artisti","type-artisti","status-publish","hentry","edizioni-fourth-edition"],"acf":[],"_links":{"self":[{"href":"https:\/\/www.mastphotogrant.com\/it\/wp-json\/wp\/v2\/artisti\/861","targetHints":{"allow":["GET"]}}],"collection":[{"href":"https:\/\/www.mastphotogrant.com\/it\/wp-json\/wp\/v2\/artisti"}],"about":[{"href":"https:\/\/www.mastphotogrant.com\/it\/wp-json\/wp\/v2\/types\/artisti"}],"wp:attachment":[{"href":"https:\/\/www.mastphotogrant.com\/it\/wp-json\/wp\/v2\/media?parent=861"}],"wp:term":[{"taxonomy":"edizioni","embeddable":true,"href":"https:\/\/www.mastphotogrant.com\/it\/wp-json\/wp\/v2\/edizioni?post=861"}],"curies":[{"name":"wp","href":"https:\/\/api.w.org\/{rel}","templated":true}]}}

Raphaël Dallaporta

<p>Negli ultimi dieci anni,&nbsp;Raphaël Dallaporta&nbsp;(1980), che vive e lavora a Parigi, ha intrapreso un percorso fotografico assai apprezzato a livello internazionale per lo sguardo puro e rigoroso e per l’imperturbabilità. I suoi progetti di lungo respiro, che affrontano un ampio spettro di tematiche legate all’agire umano, lo hanno portato a lavorare a stretto contatto con squadre di artificieri e sminatori (in&nbsp;<em>Antipersonnel</em>), con giuristi (in&nbsp;<em>Esclavage domestique</em>), con medici legali (in&nbsp;<em>Fragile</em>) e, più di recente, con archeologi (in&nbsp;<em>Ruins</em>). L’orientamento della sua opera è stato finora quello di porre in secondo piano la qualità documentaria della fotografia in favore della sua forza simbolica. Sin dal 2011, Raphaël Dallaporta mostra un profondo interesse per le attività dell’uomo nello spazio, allo scopo di analizzare il rapporto con il progresso e la memoria. L’artista incentra la propria ricerca sulle tracce che il programma spaziale Symphonie ha lasciato sulla Terra; ne sono un esempio le antenne satellitari e i sistemi per la telecomunicazione, parcellizzati e ricondotti a un’immagine unitaria, che Dallaporta trasforma in simbolo della comunicazione ripetutamente interrotta tra gli esseri umani.</p>

<p>Negli ultimi dieci anni,&nbsp;Raphaël Dallaporta&nbsp;(1980), che vive e lavora a Parigi, ha intrapreso un percorso fotografico assai apprezzato a livello internazionale per lo sguardo puro e rigoroso e per l’imperturbabilità. I suoi progetti di lungo respiro, che affrontano un ampio spettro di tematiche legate all’agire umano, lo hanno portato a lavorare a stretto contatto con [&hellip;]</p>
